nds digit of 62017?
2
What is the units digit of 1579?
9
What is the hundreds digit of 9510?
5
What is the thousands digit of 75266?
5
What is the units digit of 1437?
7
What is the hundreds digit of 52290?
2
What is the tens digit of 7855?
5
What is the units digit of 565?
5
What is the hundreds digit of 1399?
3
What is the hundreds digit of 1683?
6
What is the hundreds digit of 509?
5
What is the thousands digit of 4967?
4
What is the units digit of 1239?
9
What is the tens digit of 4210?
1
What is the hundreds digit of 23781?
7
What is the hundreds digit of 3423?
4
What is the thousands digit of 6752?
6
What is the thousands digit of 1585?
1
What is the tens digit of 119249?
4
What is the hundreds digit of 685?
6
What is the tens digit of 572?
7
What is the units digit of 24993?
3
What is the ten thousands digit of 58439?
5
What is the units digit of 420?
0
What is the units digit of 50014?
4
What is the units digit of 9759?
9
What is the ten thousands digit of 23710?
2
What is the hundreds digit of 3811?
8
What is the thousands digit of 11748?
1
What is the hundreds digit of 123?
1
What is the hundreds digit of 556?
5
What is the hundreds digit of 2528?
5
What is the units digit of 38091?
1
What is the tens digit of 1179?
7
What is the hundreds digit of 58065?
0
What is the thousands digit of 1011?
1
What is the tens digit of 140408?
0
What is the units digit of 1043?
3
What is the tens digit of 404?
0
What is the ten thousands digit of 16755?
1
What is the thousands digit of 26345?
6
What is the thousands digit of 10445?
0
What is the hundreds digit of 914?
9
What is the tens digit of 7721?
2
What is the hundreds digit of 3766?
7
What is the units digit of 54303?
3
What is the thousands digit of 3511?
3
What is the hundreds digit of 3247?
2
What is the tens digit of 26916?
1
What is the units digit of 25249?
9
What is the thousands digit of 23542?
3
What is the tens digit of 116950?
5
What is the hundreds digit of 138?
1
What is the thousands digit of 1206?
1
What is the hundreds digit of 4527?
5
What is the units digit of 1791?
1
What is the tens digit of 2198?
9
What is the ten thousands digit of 22164?
2
What is the ten thousands digit of 17516?
1
What is the units digit of 836?
6
What is the units digit of 30856?
6
What is the tens digit of 101?
0
What is the thousands digit of 2984?
2
What is the tens digit of 1552?
5
What is the ten thousands digit of 138106?
3
What is the thousands digit of 9554?
9
What is the thousands digit of 28998?
8
What is the thousands digit of 96434?
6
What is the hundreds digit of 604?
6
What is the units digit of 34886?
6
What is the thousands digit of 4897?
4
What is the ten thousands digit of 49798?
4
What is the thousands digit of 53446?
3
What is the units digit of 5512?
2
What is the hundreds digit of 785?
7
What is the ten thousands digit of 14377?
1
What is the tens digit of 56093?
9
What is the units digit of 93947?
7
What is the units digit of 17529?
9
What is the hundreds digit of 221?
2
What is the units digit of 521?
1
What is the hundreds digit of 120986?
9
What is the ten thousands digit of 11375?
1
What is the units digit of 20263?
3
What is the hundreds digit of 1016?
0
What is the units digit of 521?
1
What is the hundreds digit of 689?
6
What is the units digit of 1417?
7
What is the units digit of 1360?
0
What is the tens digit of 98?
9
What is the hundreds digit of 23111?
1
What is the thousands digit of 1046?
1
What is the tens digit of 5801?
0
What is the tens digit of 1353?
5
What is the units digit of 6297?
7
What is the units digit of 1173?
3
What is the tens digit of 10926?
2
What is the tens digit of 6580?
8
What is the units digit of 2295?
5
What is the hundreds digit of 28604?
6
What is the units digit of 210?
0
What is the units digit of 30771?
1
What is the units digit of 1091?
1
What is the hundreds digit of 23964?
9
What is the hundreds digit of 4177?
1
What is the tens digit of 10383?
8
What is the tens digit of 5680?
8
What is the units digit of 6244?
4
What is the units digit of 1144?
4
What is the units digit of 71532?
2
What is the hundreds digit of 432?
4
What is the tens digit of 1546?
4
What is the thousands digit of 6844?
6
What is the units digit of 40761?
1
What is the units digit of 7614?
4
What is the thousands digit of 9760?
9
What is the units digit of 1306?
6
What is the units digit of 3960?
0
What is the hundreds digit of 39431?
4
What is the units digit of 2768?
8
What is the units digit of 562?
2
What is the hundreds digit of 745?
7
What is the hundreds digit of 1730?
7
What is the ten thousands digit of 21317?
2
What is the hundreds digit of 4787?
7
What is the units digit of 72257?
7
What is the thousands digit of 1423?
1
What is the thousands digit of 1652?
1
What is the tens digit of 625?
2
What is the hundreds digit of 5313?
3
What is the units digit of 1488?
8
What is the hundreds digit of 27136?
1
What is the tens digit of 29232?
3
What is the thousands digit of 6930?
6
What is the units digit of 5034?
4
What is the thousands digit of 35169?
5
What is the hundreds digit of 75566?
5
What is the hundreds digit of 19951?
9
What is the units digit of 484?
4
What is the tens digit of 1332?
3
What is the ten thousands digit of 10971?
1
What is the ten thousands digit of 49847?
4
What is the units digit of 50657?
7
What is the thousands digit of 20954?
0
What is the ten thousands digit of 30696?
3
What is the thousands digit of 3446?
3
What is the units digit of 2239?
9
What is the hundreds digit of 88936?
9
What is the tens digit of 13496?
9
What is the hundreds digit of 2034?
0
What is the hundreds digit of 523?
5
What is the units digit of 1892?
2
What is the ten thousands digit of 128427?
2
What is the hundreds digit of 880?
8
What is the ten thousands digit of 35671?
3
What is the thousands digit of 38986?
8
What is the tens digit of 495?
9
What is the units digit of 323?
3
What is the units digit of 5246?
6
What is the units digit of 13622?
2
What is the hundreds digit of 29184?
1
What is the ten thousands digit of 30517?
3
What is the tens digit of 864?
6
What is the ten thousands digit of 60279?
6
What is the hundreds digit of 8565?
5
What is the hundreds digit of 7550?
5
What is the tens digit of 3546?
4
What is the thousands digit of 1754?
1
What is the tens digit of 258?
5
What is the thousands digit of 4587?
4
What is the hundreds digit of 781?
7
What is the hundreds digit of 23896?
8
What is the thousands digit of 1197?
1
What is the tens digit of 10507?
0
What is the units digit of 6738?
8
What is the units digit of 2282?
2
What is the thousands digit of 7226?
7
What is the units digit of 718?
8
What is the units digit of 4090?
0
What is the tens digit of 1540?
4
What is the units digit of 25876?
6
What is the tens digit of 9498?
9
What is the hundreds digit of 623?
6
What is the units digit of 1836?
6
What is the thousands digit of 32206?
2
What is the thousands digit of 27238?
7
What is the tens digit of 1013?
1
What is the thousands digit of 19435?
9
What is the tens digit of 514?
1
What is the tens digit of 15276?
7
What is the units digit of 426?
6
What is the units digit of 48724?
4
What is the tens digit of 58?
5
What is the hundreds digit of 17945?
9
What is the hundreds digit of 2434?
4
What is the ten thousands digit of 61590?
6
What is the thousands digit of 103764?
3
What is the hundreds digit of 21039?
0
What is the ten thousands digit of 144794?
4
What is the hundreds digit of 6569?
5
What is the thousands digit of 44238?
4
What is the tens digit of 4745?
4
What is the thousands digit of 18867?
8
What is the hundreds digit of 7744?
7
What is the tens digit of 1791?
9
What is the hundreds digit of 834?
8
What is the thousands digit of 7409?
7
What is the tens digit of 46381?
8
What is the tens digit of 441?
4
What is the thousands digit of 89714?
9
What is the tens digit of 31163?
6
What is the ten thousands digit of 15554?
1
What is the tens digit of 53890?
9
What is the tens digit of 1704?
0
What is the units digit of 1136?
6
What is the units digit of 45599?
9
What is the units digit of 27680?
0
What is the tens digit of 26647?
4
What is the units digit of 20526?
6
What is the tens digit of 18447?
4
What is the units di